93?
False
Is 17417589 a multiple of 6?
False
Does 1509 divide 26185677?
True
Is 326932 a multiple of 334?
False
Does 135 divide 80110?
False
Does 271 divide 456927?
False
Does 35 divide 20858458?
False
Is 119979 a multiple of 15?
False
Is 632800 a multiple of 350?
True
Is 922350 a multiple of 165?
True
Is 19283 a multiple of 11?
True
Is 49 a factor of 164395?
True
Is 685 a factor of 2959885?
True
Is 20 a factor of 14263960?
True
Does 426 divide 831352?
False
Is 10 a factor of 89200?
True
Does 169 divide 171535?
True
Does 2 divide 30813?
False
Does 137 divide 131931?
True
Is 60890 a multiple of 281?
False
Does 4 divide 77908?
True
Is 121415 a multiple of 49?
False
Is 130 a factor of 138060?
True
Does 30 divide 237142?
False
Does 1489 divide 3874378?
True
Does 226 divide 584888?
True
Is 369915 a multiple of 39?
True
Does 8 divide 2042264?
True
Is 4185763 even?
False
Is 73266 a multiple of 6?
True
Does 8 divide 819656?
True
Does 22 divide 52355?
False
Does 219 divide 121983?
True
Is 28 a factor of 119084?
True
Is 146 a factor of 1120244?
False
Does 5 divide 28700?
True
Is 1496 a factor of 8230467?
False
Is 3623 a multiple of 3?
False
Is 1648 a factor of 5563648?
True
Is 11562048 a multiple of 32?
True
Is 118 a factor of 1522678?
False
Does 143 divide 13585?
True
Does 612 divide 1908216?
True
Does 39 divide 28860?
True
Is 16 a factor of 539408?
True
Is 123 a factor of 195190?
False
Does 5 divide 110564?
False
Is 10201025 a multiple of 25?
True
Is 55 a factor of 42845?
True
Is 141 a factor of 2186743?
False
Is 138282 a multiple of 19?
True
Is 190 a factor of 4868135?
False
Is 44117 even?
False
Is 65596 a multiple of 124?
True
Is 103 a factor of 9855477?
False
Does 18 divide 39096?
True
Does 2 divide 701771?
False
Does 888 divide 632256?
True
Does 22 divide 25192?
False
Does 13 divide 1219802?
False
Is 97344 a multiple of 234?
True
Does 112 divide 483728?
True
Is 41 a factor of 22842207?
True
Is 81 a factor of 64552?
False
Is 1582330 even?
True
Does 22 divide 61670?
False
Is 995 a factor of 2559140?
True
Is 200 a factor of 964149?
False
Does 23 divide 238433?
False
Does 121 divide 197109?
True
Is 4 a factor of 242075?
False
Is 19 a factor of 295472?
False
Is 20 a factor of 25889?
False
Is 1650780 a multiple of 108?
True
Does 326 divide 1394577?
False
Does 29 divide 80689?
False
Does 47 divide 269968?
True
Does 154 divide 6408282?
False
Is 1238276 a multiple of 151?
False
Is 14 a factor of 55398?
True
Is 4 a factor of 48907?
False
Is 36 a factor of 414972?
True
Is 139 a factor of 3747857?
True
Is 170 a factor of 28220?
True
Is 27 a factor of 558765?
True
Is 693758 a multiple of 26?
True
Is 7522746 a multiple of 399?
True
Does 3 divide 140384?
False
Is 14 a factor of 789068?
True
Does 277 divide 18633793?
False
Is 164267 a multiple of 6?
False
Does 70 divide 5013750?
True
Does 171 divide 160227?
True
Does 7 divide 1178751?
True
Does 3 divide 1061380?
False
Does 359 divide 1418194?
False
Does 325 divide 524018?
False
Does 45 divide 10001079?
False
Does 201 divide 1129288?
False
Is 112784 a multiple of 29?
False
Is 102137 a multiple of 7?
True
Is 66 a factor of 39996?
True
Is 299677 a multiple of 34?
False
Is 44 a factor of 20074?
False
Is 13 a factor of 37465?
False
Is 14 a factor of 77280?
True
Does 62 divide 139314?
True
Does 1237 divide 8185229?
True
Is 9 a factor of 955224?
True
Is 423 a factor of 89475?
False
Is 177564 a multiple of 17?
False
Is 58 a factor of 910136?
True
Is 959871 a multiple of 319?
True
Does 274 divide 10469934?
False
Is 38 a factor of 333450?
True
Is 19 a factor of 3796475?
False
Is 19 a factor of 326420?
True
Is 2739067 a multiple of 31?
True
Is 94 a factor of 343382?
True
Does 46 divide 164970?
False
Is 168093 a multiple of 171?
True
Is 46 a factor of 16731534?
True
Does 114 divide 53124?
True
Does 17 divide 56136?
False
Is 2982975 a multiple of 75?
True
Is 82 a factor of 14168606?
False
Is 3643934 a multiple of 54?
False
Does 83 divide 3283194?
False
Is 1574986 a multiple of 382?
True
Is 4212484 a multiple of 509?
True
Does 28 divide 250936?
True
Does 14 divide 8617441?
False
Is 283 a factor of 141533?
False
Does 14 divide 154112?
True
Is 536 a factor of 6901536?
True
Is 301828 a multiple of 11?
False
Does 210 divide 9514050?
True
Is 376 a factor of 38142?
False
Is 796458 a multiple of 3?
True
Is 5 a factor of 1254235?
True
Is 51 a factor of 3636725?
False
Does 19 divide 234218?
False
Is 265 a factor of 11773420?
True
Is 865 a factor of 671674?
False
Is 96763 a multiple of 4?
False
Is 6 a factor of 12754?
False
Does 41 divide 240976?
False
Is 78 a factor of 2390778?
True
Is 579168 a multiple of 288?
True
Is 432 a factor of 735195?
False
Is 14 a factor of 1229794?
False
Is 89793 a multiple of 9?
True
Is 382735 a multiple of 73?
False
Does 66 divide 366630?
True
Does 294 divide 2185235?
False
Is 9377 even?
False
Does 3 divide 18795?
True
Does 67 divide 6474?
False
Is 8964210 a multiple of 215?
True
Is 18 a factor of 1729908?
True
Is 482979 a multiple of 633?
True
Is 89 a factor of 104397?
True
Does 31 divide 1017916?
True
Is 1237 a factor of 2379049?
False
Is 977 a factor of 3586567?
True
Does 8 divide 190544?
True
Is 12 a factor of 206832?
True
Is 490828 a multiple of 52?
True
Does 59 divide 1455235?
True
Is 121729 a multiple of 18?
False
Is 446 a factor of 5268152?
True
Does 410 divide 2494201?
False
Is 8 a factor of 3245436?
False
Does 33 divide 226677?
True
Does 841 divide 2020923?
True
Is 23 a factor of 456849?
True
Does 73 divide 207450?
False
Is 15 a factor of 738825?
True
Is 296709 a multiple of 11?
False
Is 68 a factor of 24480?
True
Is 5568238 a multiple of 13?
True
Is 19128 a multiple of 30?
False
Is 64 a factor of 325495?
False
Does 603 divide 32565618?
True
Is 869 a factor of 912450?
True
Does 2 divide 14113?
False
Does 52 divide 26699?
False
Is 82314 a multiple of 269?
True
Does 93 divide 587154?
False
Is 697332 a multiple of 30?
False
Is 14 a factor of 8106?
True
Is 134919 a multiple of 123?
False
Is 62 a factor of 704091?
False
Is 12 a factor of 1809564?
True
Does 20 divide 2809780?
True
Is 121713 a multiple of 44?
False
Is 89790 a multiple of 28?
False
Is 16660 a multiple of 4?
True
Is 83764 a multiple of 4?
True
Does 16 divide 721598?
False
Is 3 a factor of 75658?
False
Does 52 divide 4385628?
True
Does 10 divide 4214260?
True
Is 490600 a multiple of 20?
True
Is 43 a factor of 254193?
False
Is 19 a factor of 18254744?
True
Is 34226 a multiple of 109?
True
Is 456263 a multiple of 64?
False
Is 1055849 a multiple of 5?
False
Is 6 a factor of 452440?
False
Is 46 a factor of 6219936?
True
Does 88 divide 2945888?
True
Is 814191 a multiple of 411?
True
Is 31044 a multiple of 12?
True
Is 1261005 a multiple of 366?
False
Is 3 a factor of 35484?
True
Is 1591392 a multiple of 242?
True
Is 129272 a multiple of 44?
True
Does 272 divide 1875168?
True
Does 28 divide 120785?
False
Is 51 a factor of 42942?
True
Is 104 a factor of 562536?
True
Is 314 a factor of 6508519?
False
Does 355 divide 173240?
True
Does 1309 divide 14505029?
True
Is 134 a factor of 111622?
True
Is 338 a factor of 1189760?
True
Does 23 divide 72772?
True
Is 88 a factor of 11580360?
True
Is 1594911 a multiple of 641?
False
Is 206 a factor of 323832?
True
Is 73651 a multiple of 17?
False
Does 637 divide 933205?
True
Does 161 divide 3500698?
False
Does 80 divide 473637?
False
Is 266815 a multiple of 17?
True
Does 1782 divide 2906442?
True
Is 145650 a multiple of 50?
True
Is 3 a factor of 279073?
False
Is 31 a factor of 3237082?
True
Does 45 divide 2205?
True
Does 43 divide 805691?
True
Is 183 a factor of 338367?
True
Is 20 a factor of 9427?
False
Is 1948 a factor of 24147538?
False
Is 59 a factor of 8988567?
False
Is 246 a factor of 4588884?
True
Does 10 divide 1332590?
True
Is 583 a factor of 1657672?
False
Does 110 divide 38892?
False
Does 15 divide 258161?
False
Does 83 divide 7102735?
False
Is 12 a factor of 58661?
False
Is 4805084 a multiple of 68?
True
Is 3570152 a multiple of 23?
True
Does 55 divide 1339855?
True
Is 6270418 a multiple of 23?
False
Is 66 a factor of 775170?
True
Is 38 a factor of 3050564?
True
Is 68 a factor of 123828?
True
Does 19 divide 365493?
False
Is 190330 a multiple of 7?
True
Is 1223536 a multiple of 519?
False
Is 1353 a